Let w(q) = -10*q. Let p(i) = -i. Let g(a) = 12*p(a) - w(a). Determine g(x).
6
Let k(j) be the third derivative of -j**6/120 + j**5/30 - j**4/12 - j**3/6 - 408*j**2. Suppose -3*c + 2 = -2*c. Determine k(c).
-5
Suppose 2*v - 5 = g + 5, v - g - 5 = 0. Let n(a) = -a**2 + 4*a + 4. What is n(v)?
-1
Let s(q) be the second derivative of -q**5/20 - q**4/4 + q**3/2 + 3*q**2/2 - 203*q. Calculate s(-3).
-6
Let n(f) be the first derivative of f**4/4 + 5*f**3/3 + 2*f**2 - 5*f - 42. Let z be 12/20 - 47/(-5). Let q = 6 - z. What is n(q)?
-5
Let m(d) = -d**3 + 3*d**2 - 3. Suppose 0 = -36*o - 127 + 271. Give m(o).
-19
Let w = -59 + 63. Suppose -14 = -4*b + 2*z, -w*b + 44 = -3*z + 7*z. Let y(g) = -g**2 + 7*g + 6. Give y(b).
12
Suppose 4*t + 33 + 6 = -3*f, 4*f - 5*t + 52 = 0. Let o be 1*f - (9 - 9). Let m = 12 + o. Let d(u) = 7*u**2. Give d(m).
7
Let l(i) = -i**2 - 3*i + 4. Suppose 4 - 27 = -d + 5*w, -3*d = w - 5. Suppose 0 = -d*j - 46 - 5. Let z = j + 12. What is l(z)?
-6
Let n = 57 - 57. Let r(k) = -k - 13. Calculate r(n).
-13
Let r(b) be the third derivative of -b**5/60 - b**4/24 + 5*b**3/6 - 4*b**2. Suppose 5*j = 14 + 31. Suppose -3*c - 21 + j = 0. Determine r(c).
-7
Let m(c) = c. Let u(g) = 4*g - 10. Let d(v) = -6*m(v) + u(v). Let t be d(-5). Let f(i) = i**2 + i - 2. Give f(t).
-2
Let v(u) = -17*u + 4. Let y = -949 - -951. Give v(y).
-30
Let u(j) be the third derivative of -j**5/60 + 3*j**4/8 - 5*j**3/6 + 6379*j**2. Let g = 18 - 11. Calculate u(g).
9
Suppose 0 = 3*k + 3*m - 12, 0*m + 5*m + 10 = 5*k. Let d(v) be the first derivative of -2 - v**2 - 3*v + 1/3*v**k. Give d(3).
0
Let q = 12 - 7. Let w(n) = -n**3 - n**2 + 1 + 2*n**2 + 3*n + 1 - q*n**2. Suppose -3*o = -j - 3, 0 = -j + 6*o - o - 3. Calculate w(j).
-16
Let z(s) = 2*s + 37. Let u(l) = l + 22. Let w(t) = -5*u(t) + 3*z(t). Calculate w(6).
7
Let q be ((-12)/(-5))/6 + (-94)/10. Let p(x) = x**3 + 9*x**2 - 6. What is p(q)?
-6
Let g(r) = 7*r + 16. Let x = -127 - -124. Give g(x).
-5
Let l(y) be the first derivative of y**3/3 + 13*y**2/2 + 3*y - 205. Give l(-11).
-19
Let j(g) = -g + 23. Suppose 0 = 79*q + 79 - 79. Determine j(q).
23
Let o(c) = c**3 + 9*c**2 + 9*c + 6. Let s(x) = -x**2 + 3*x - 10. Let u be s(2). Determine o(u).
-2
Let j(t) = -t**3 - 24*t**2 - 2*t - 46. Let m be j(-24). Let o(a) = -2*a**2 + 2*a - 2. Calculate o(m).
-6
Let b = 0 - -2. Let t(r) be the second derivative of -r**3/6 - r**2/2 - 33*r - 8. Determine t(b).
-3
Let u(s) = -4*s**3 - 9*s**2 + s + 5. Let i(k) = 9*k**3 + 20*k**2 - k - 10. Let z(n) = 3*i(n) + 7*u(n). Calculate z(-4).
5
Let a(p) = p**3 + 13*p**2 - 13*p + 19. Let n be a(-14). Suppose -d + 0 = -5, 0 = n*t + 2*d - 30. Let y(h) = 4*h - 2*h + t - h - 1. Determine y(-5).
-2
Suppose 0 = -2*l + 6*j - 2*j - 2, 15 = -5*l + 5*j. Let i = l - 0. Let n(f) be the second derivative of f**3/6 + f**2 + 468*f. What is n(i)?
-3
Let d(o) = 140*o - o**2 - 135*o - o**2 - 5. Determine d(3).
-8
Let m(w) = -81*w - 85. Let u(v) = -47*v - 43. Let z(d) = -3*m(d) + 5*u(d). Determine z(-6).
-8
Let v(r) be the first derivative of r**4/4 + 13*r**3/3 - r**2 + 14*r + 599. Calculate v(-13).
40
Let v(y) = y**3 - y**2 + y + 1. Let a(k) = -2*k**2 + k + 3. Let q(i) = a(i) - v(i). What is q(0)?
2
Let i(p) be the first derivative of -p**7/840 + p**6/36 - p**5/12 + p**4/3 + 11*p**3/3 - 13. Let t(g) be the third derivative of i(g). Give t(9).
-1
Let n(i) be the first derivative of -i**3/3 + i**2/2 + 9. Let c(l) = 10*l**2 + 4*l + 1. Let v(r) = -c(r) + 3*n(r). Determine v(-1).
-13
Let u be 1 + (-4 - 92/(-4)). Suppose -4*z = -u, x + 2*z - 2 = 5*x. Let t(k) = 2*k**3 + 2*k**2 - 4*k + 2. What is t(x)?
18
Suppose -4*w + 22 = 5*m + 5, -4*w - 3*m = -7. Let p(t) = 2*t**2 - 11*t + 14. Let f(g) = g**2 - 5*g + 6. Let n(z) = -9*f(z) + 4*p(z). What is n(w)?
-4
Let j(c) = -c**2 + 5*c - 5. Let l = 5 - 7. Let w = 4 - l. Determine j(w).
-11
Let k(i) = -i**2 + 6*i + 3. Suppose 2 = 2*o, 2*r - 193 = -0*r + 5*o. Let z be 2/9 - 2596/r. Let g be (-14)/(-35) + z/(-10). Calculate k(g).
12
Let p(w) = 3*w + 1237576*w**2 - 1237578*w**2 - 19*w - 3. Give p(-8).
-3
Let y(b) = -16*b + 17. Let i(n) = 25*n - 25. Let m(k) = 5*i(k) + 8*y(k). What is m(9)?
-16
Let a = -16 - -38. Suppose 0 = 6*u - a - 2. Let c be 0 - 2 - u/(-2). Let s(d) = -d**3 + d + 7. Calculate s(c).
7
Let j(t) = -8*t**2 - t. Let c(w) = -13*w**2 - 3*w. Let h(q) = -3*c(q) + 5*j(q). Let l = 7 - 3. Calculate h(l).
0
Let o = -7883 - -7874. Let v(l) = l + 1. Let i(w) = 3*w. Let h(r) = i(r) - 4*v(r). Give h(o).
5
Suppose -42*c - 8 = -46*c. Suppose l - 5 = -2, c*h = -l - 13. Let s(d) = d**2 + 9*d + 1. Give s(h).
-7
Let t = 6011 + -6018. Let q(l) = l + 1. Let a be (-1 + 3)*1/(-2). Let w(z) = z**2 + 7*z - 1. Let x(y) = a*w(y) + q(y). Determine x(t).
-5
Let n(b) = -3*b + 1. Suppose 217 + 663 = -10*s. Let k = 96 + s. Give n(k).
-23
Suppose 10 - 4 = 3*m. Let r(f) = 7*f**3 - 6*f**2 + f. Let s(u) = 8*u**3 - 7*u**2 + u. Let i(q) = -5*r(q) + 4*s(q). Calculate i(m).
-18
Suppose -9*s = -16*s + 112. Let a(l) = 0 - 18*l + s*l - 1 - 2. Determine a(-2).
1
Let p = -417 - -414. Let b(i) = -i**3 - 3*i**2 + 5*i + 2. Give b(p).
-13
Let k = 6 + -4. Suppose -8 = k*a - 3*a. Let p(q) = -a + q**2 - 3*q + 11 - 7. What is p(6)?
14
Let k = 1 + -3. Let h(z) be the third derivative of -z**6/120 - z**5/60 - z**4/24 - z**3/6 - 382*z**2. Calculate h(k).
5
Suppose -1 = -z - 0*h - h, 4*z - 5*h + 50 = 0. Let a(q) = 0*q**2 - 4 - q**2 - 4*q - 3. Determine a(z).
-12
Let o(v) = -2*v + 3. Let z(l) = -3*l + 5. Let s(n) = 8*o(n) - 5*z(n). Let k = -215 - -249. Let d = 34 - k. Calculate s(d).
-1
Let k be (6/(-1))/(0 + 1). Let t(c) be the first derivative of -c**2 - 8*c + 6. Determine t(k).
4
Suppose 18 = -2*h - 3*l, -19 + 4 = h + 3*l. Let s(m) = -m**3 - 3*m**2 + 5*m + 9. Determine s(h).
-6
Let g(s) = -6*s**3 - 16*s - 16. Let m(z) = z**3 + 3*z + 3. Let x(b) = -2*g(b) - 11*m(b). Suppose -2*t = 2*t + 2*r + 6, -5*r = 5. Give x(t).
-1
Let z be (-6)/4 + (-1)/(-2). Let h(p) = -p + 1 - 4*p**3 - 2549*p**2 + 2547*p**2 - 1. Give h(z).
3
Let h(k) be the third derivative of 5/12*k**4 + 11/6*k**3 + 0 - 9*k**2 + 0*k + 1/60*k**5. Give h(-8).
-5
Let h(o) = -o**3 + 2*o**2 + o + 1. Let l be h(2). Let s(k) be the first derivative of -4*k - 1/3*k**3 - 9 + 3/2*k**2. What is s(l)?
-4
Let t(m) be the first derivative of -m**3/3 - 2*m**2 - 5*m + 1077. Let y be (-27)/5 + 2/5. Give t(y).
-10
Let h(j) = j - 10. Let v(u) = 7*u. Let c = -11 - -3. Let b = 9 + c. Let z be v(b). Calculate h(z).
-3
Let r(q) = -q**2 - 2. Let u(i) = -i**3 - 8*i**2 - 10*i + 14. Let c be u(-6). Calculate r(c).
-6
Let a(s) = s**2 - 13*s - 107. Let u be a(-6). Let y(w) = -w**3 + 6*w**2 + 4*w - 3. Calculate y(u).
-24
Let g(l) = l - 2. Suppose -21 = 4*b - 2*m + 19, -3*m + 6 = 0. Let v(x) = -x**2 - 11*x - 21. Let z be v(b). Give g(z).
-5
Let d(r) be the first derivative of -1/2*r**2 - 28 + 12*r. Determine d(8).
4
Let d(g) be the second derivative of -9*g**3/2 + g**2/2 - 93*g. What is d(1)?
-26
Let i(d) = 30*d**2 - 13*d + 25. Let b(z) = 17*z**2 - 6*z + 13. Let a(k) = 7*b(k) - 4*i(k). Give a(6).
15
Let n(j) = -j - 2. Let p be n(2). Let f(h) = 5*h**2 - 3*h + 2. Let q(v) = -11*v**2 + 7*v - 5. Let b(o) = p*q(o) - 9*f(o). Suppose 78*y - 11*y = -201. Give b(y).
-4
Let o = -7 + 9. Suppose 4*k - 5*k = o*w - 5, 0 = -4*w + 3*k + 5. Let c(h) = 6 + 0*h - h - w*h - h. What is c(4)?
-10
Let b(g) be the second derivative of g**5/30 - g**4/8 + g**3/2 - 7*g**2/2 - 16*g. Let d(t) be the first derivative of b(t). What is d(2)?
5
Let l(k) be the first derivative of k**4/12 - 2*k**3/3 - 12*k**2 - 4. Let p(b) be the second derivative of l(b). Let z be 14/(-4) + (-2)/(-4). Give p(z).
-10
Let y be (-6)/(-3)*10/(-4). Let g(o) = 3*o + 56. Let n(v) = -v - 16. Let a(u) = -6*g(u) - 21*n(u). What is a(y)?
-15
Let b be -8*(-9)/((-27)/12). Let w = b - -26. Let l(d) = d + 2. Determine l(w).
-4
Let i(c) = -c**3 - 8*c**2 - 2. Let d = -4 - -8. Suppose -g - d - 4 = 0. What is i(g)?
-2
Let h be 16/56 + 88/(-14). Let n(c) = c**2 - c + 1. Let f(j) = 3*j**2 - 14*j + 1. Let u(k) = -f(k) + 5*n(k). Determine u(h).
22
Let v(n) = 4054 - 8143 - 5*n + 4070. Determine v(-5).
6
Let w(s) = -7*s + 16. Let a(o) = -3*o + 8. Let y(f) = -5*a(f) + 2*w(f). What is y(5)?
-3
Let j = 11 + -7. Suppose j*t - 2*h = 2 + 8, -2*h = 2*t + 4. Let m(q) = 2 - q + 0*q